?
False
Does 24 divide 99707?
False
Is 483720 a multiple of 40?
True
Does 39 divide 164346?
True
Does 18 divide 22932?
True
Does 3 divide 226589?
False
Does 55 divide 7565030?
True
Does 7 divide 409129?
True
Is 15 a factor of 4748385?
True
Does 24 divide 78165?
False
Is 68 a factor of 1145155?
False
Is 159240 a multiple of 15?
True
Is 80 a factor of 79722?
False
Is 64 a factor of 74304?
True
Is 10 a factor of 3359340?
True
Is 19 a factor of 9451778?
True
Does 11 divide 28853?
True
Is 234 a factor of 738972?
True
Does 10 divide 322590?
True
Is 195 a factor of 53430?
True
Does 13 divide 8437?
True
Is 34 a factor of 45492?
True
Does 10 divide 1800?
True
Is 101420 a multiple of 10?
True
Is 3480802 a multiple of 13?
True
Is 399 a factor of 9507771?
True
Is 2 a factor of 425657?
False
Is 129384 a multiple of 12?
True
Is 117262 a multiple of 140?
False
Is 567769 a multiple of 78?
False
Is 2921020 a multiple of 582?
False
Is 81838 a multiple of 83?
True
Does 54 divide 703350?
True
Is 48 a factor of 2017584?
True
Does 18 divide 1449763?
False
Is 3289023 a multiple of 587?
False
Does 34 divide 439751?
False
Does 39 divide 238680?
True
Is 3961188 a multiple of 26?
False
Is 102 a factor of 148913?
False
Is 6343125 a multiple of 375?
True
Does 133 divide 281029?
True
Is 164390 a multiple of 34?
True
Is 8 a factor of 1296896?
True
Is 17 a factor of 5732400?
True
Is 40 a factor of 195000?
True
Does 5 divide 93572?
False
Does 198 divide 232643?
False
Is 27 a factor of 1698953?
False
Is 15802610 a multiple of 635?
True
Is 11662476 a multiple of 204?
True
Is 95334 a multiple of 13?
False
Is 16 a factor of 4666116?
False
Does 26 divide 783510?
True
Is 394902 a multiple of 206?
True
Is 23 a factor of 2392157?
False
Is 787680 a multiple of 240?
True
Is 33699 a multiple of 4?
False
Is 3069565 a multiple of 97?
True
Is 8 a factor of 1291434?
False
Is 52 a factor of 2230852?
True
Is 19 a factor of 757868?
False
Is 2 a factor of 47438?
True
Is 33018 a multiple of 6?
True
Is 5633144 a multiple of 44?
True
Is 2932985 a multiple of 11?
True
Is 28 a factor of 1714420?
False
Does 37 divide 212461?
False
Is 9828 a multiple of 42?
True
Does 6 divide 51624?
True
Is 807577 a multiple of 694?
False
Does 22 divide 30998?
True
Is 32 a factor of 34784?
True
Is 6991380 a multiple of 66?
True
Is 52 a factor of 1010776?
True
Is 129821 a multiple of 299?
False
Is 53 a factor of 67628?
True
Is 18 a factor of 26968954?
False
Is 1505118 a multiple of 14?
False
Is 3 a factor of 482490?
True
Does 33 divide 32967?
True
Does 29 divide 50112?
True
Is 6055833 a multiple of 1113?
True
Is 140973 a multiple of 343?
True
Is 24 a factor of 572520?
True
Is 4613384 a multiple of 8?
True
Is 22 a factor of 365557?
False
Is 139 a factor of 3430381?
True
Does 20 divide 689731?
False
Is 51 a factor of 128792?
False
Does 14 divide 3239922?
True
Is 17 a factor of 1055941?
False
Does 100 divide 2638600?
True
Is 1868412 a multiple of 174?
True
Does 64 divide 528817?
False
Is 85 a factor of 720761?
False
Is 106 a factor of 307113?
False
Is 212038 a multiple of 7?
False
Is 11170824 a multiple of 14?
True
Is 383634 a multiple of 597?
False
Is 792320 a multiple of 32?
True
Is 341155 a multiple of 155?
True
Does 3 divide 35772?
True
Is 444 a factor of 3862800?
True
Does 9 divide 6669?
True
Does 146 divide 8009002?
False
Is 3376745 a multiple of 70?
False
Is 298724 a multiple of 23?
True
Is 285264 a multiple of 126?
True
Does 55 divide 1515415?
True
Is 33 a factor of 825391?
False
Does 10 divide 1629240?
True
Does 2 divide 498708?
True
Is 11 a factor of 1599330?
False
Is 101 a factor of 687103?
True
Is 60882 a multiple of 219?
True
Does 39 divide 361850?
False
Is 461 a factor of 18558?
False
Is 217001 a multiple of 6?
False
Is 124 a factor of 180544?
True
Is 142 a factor of 229756?
True
Is 138024 a multiple of 27?
True
Is 3240237 a multiple of 83?
True
Does 15 divide 9617904?
False
Is 3 a factor of 122686?
False
Is 1336048 a multiple of 72?
False
Does 16 divide 575568?
True
Is 228 a factor of 132240?
True
Is 79 a factor of 13430?
True
Is 462545 a multiple of 5?
True
Does 157 divide 669605?
True
Does 40 divide 497400?
True
Is 9 a factor of 3413719?
False
Is 591 a factor of 12733095?
True
Does 432 divide 542592?
True
Is 276640 a multiple of 40?
True
Is 1267 a factor of 8687819?
True
Does 82 divide 22550?
True
Is 3310670 a multiple of 10?
True
Is 54644 a multiple of 15?
False
Does 290 divide 192564?
False
Does 12 divide 5227235?
False
Does 66 divide 165259?
False
Does 66 divide 218141?
False
Is 1183598 a multiple of 18?
False
Is 46 a factor of 2234082?
True
Does 2416 divide 5651024?
True
Does 212 divide 29008?
False
Is 286 a factor of 5915052?
True
Does 42 divide 8188427?
False
Is 284 a factor of 1776804?
False
Is 131 a factor of 491512?
True
Is 333 a factor of 135624?
False
Does 421 divide 437376?
False
Does 2 divide 296399?
False
Does 58 divide 754224?
False
Is 22128 a multiple of 24?
True
Is 9320250 a multiple of 125?
True
Is 25 a factor of 64250?
True
Is 58 a factor of 3907692?
True
Is 1286739 a multiple of 3?
True
Does 121 divide 97889?
True
Is 4 a factor of 171075?
False
Does 910 divide 2620638?
False
Does 20 divide 134658?
False
Is 6446190 a multiple of 302?
True
Is 104 a factor of 98696?
True
Does 2 divide 1852?
True
Is 19 a factor of 160702?
True
Is 178600 a multiple of 152?
True
Is 60 a factor of 10380?
True
Is 11293663 a multiple of 14?
False
Is 20 a factor of 4580?
True
Is 43082 a multiple of 16?
False
Is 145 a factor of 5068185?
True
Is 318 a factor of 6944003?
False
Is 5113152 a multiple of 33?
True
Is 208 a factor of 765187?
False
Is 3 a factor of 1459696?
False
Does 48 divide 481200?
True
Is 21 a factor of 726285?
True
Is 11 a factor of 80605?
False
Is 113 a factor of 24973?
True
Is 44 a factor of 74462?
False
Is 11592301 a multiple of 1377?
False
Does 8 divide 907968?
True
Does 3 divide 4643?
False
Is 77 a factor of 2679754?
True
Is 241817 a multiple of 13?
False
Is 2111530 a multiple of 1189?
False
Is 8 a factor of 121?
False
Is 256 a factor of 3688050?
False
Does 29 divide 25665?
True
Is 221 a factor of 752505?
True
Is 967788 a multiple of 6?
True
Is 6616384 a multiple of 268?
True
Is 101 a factor of 52621?
True
Does 28 divide 3343228?
True
Is 22 a factor of 201106?
False
Is 132 a factor of 366931?
False
Is 25080 a multiple of 418?
True
Does 6 divide 75835?
False
Is 91418 a multiple of 43?
True
Is 1552880 a multiple of 80?
True
Does 5 divide 1298557?
False
Is 21 a factor of 5562?
False
Is 405080 a multiple of 167?
False
Is 538824 a multiple of 286?
True
Is 556 a factor of 17491306?
False
Is 60594 a multiple of 82?
False
Does 107 divide 907667?
False
Is 9368914 a multiple of 22?
False
Is 59 a factor of 149742?
True
Is 61 a factor of 143899?
True
Is 1267104 a multiple of 591?
True
Is 47 a factor of 9241845?
True
Is 9 a factor of 3157335?
True
Is 994170 a multiple of 290?
False
Is 44 a factor of 509692?
False
Does 12 divide 266490?
False
Does 290 divide 112520?
True
Is 6 a factor of 7284?
True
Is 24 a factor of 877987?
False
Does 43 divide 465411?
False
Does 38 divide 291362?
False
Is 11708723 a multiple of 6?
False
Does 10 divide 51480?
True
Is 104079 a multiple of 4?
False
Is 111232 a multiple of 31?
False
Is 13 a factor of 547911?
True
Is 8 a factor of 84976?
True
Is 107 a factor of 603694?
True
Is 239 a factor of 3414078?
False
Is 15458 a multiple of 5?
False
Is 171 a factor of 190291?
False
Does 5 divide 466630?
True
Is 13 a factor of 356925?
False
Is 1171625 a multiple of 22?
False
Does 99 divide 848826?
True
Is 745 a factor of 1716101?
False
Does 104 divide 2262987?
False
Is 196699 a multiple of 5?
False
Is 72260 a multiple of 9?
False
Is 212347 a multiple of 22?
False
Does 321 divide 207499?
False
Is 395640 a multiple of 24?
True
Is 2908998 a multiple of 2?
True
Does 8 divide 15771145?
False
Does 16 divide 12872?
False
Does 20 divide 2945922?
False
Is 446 a factor of 14295638?
True
Does 63 divide 964105?
False
Is 2372729 a multiple of 154?
False
Does 113 divide 345832?
False
Is 80 a factor of 316794?
False
Is 7213005 a multiple of 445?
True
Is 424259 a multiple of 173?
False
Does 17 divide 186337?
True
Is 50 a factor of 168900?
True
Is 179124 a multiple of 23?
True
Does 871 divide 1452200?